 of z?
1
Let m(c) = -17*c + 3. Let y = 26 - 23. Suppose 0*h + 4*s - 11 = y*h, -2*h + 5*s - 12 = 0. What is the tens digit of m(h)?
2
Let h be ((-5288)/(-2)*(-10)/(-40))/(-1). Let t = 1326 + h. Suppose t = 4*r - 351. What is the hundreds digit of r?
2
Let a(m) = -3093*m + 9. What is the thousands digit of a(-9)?
7
Let u be (2 + 7/(-2))/((-12)/(-6128)). Let g = u - -1543. Suppose 0*z + 7*z = g. What is the tens digit of z?
1
Suppose -o - 4*f + 5850 = 0, 2*o + 8*f - 12*f - 11688 = 0. What is the thousands digit of o?
5
Suppose -13 = 2*i - 41. Suppose 3*l + 6 = r, -5*r - i = -10*r - l. What is the tens digit of 4/(-3)*(0 + r)*-10?
4
Let n = 105 + -24. Suppose -84*s = -n*s - 1038. What is the tens digit of s?
4
Suppose 2*o - 10 - 6 = 2*f, 4*f = 2*o - 20. Let n = -2 - o. What is the units digit of (1030/n + (-27)/(-36))/(-1)?
8
Suppose 107939 = 36*s + 24743. What is the hundreds digit of s?
3
Suppose -51 = -27*q - 159. What is the hundreds digit of q/(-3) + 9468/27?
3
Suppose -17*h = -19*h. Suppose -w + 81 = -v, h = -0*v + 4*v + 8. Suppose -w*l + 65 = -78*l. What is the tens digit of l?
6
Let b(d) = -7*d**2 + 5*d + 4. Let t be b(-1). Let k be ((-1)/(3/522))/(6/t). What is the hundreds digit of k/(-87)*(-1 + -104)?
2
Let n be 2*((-12)/(-8) + -1). Let w = 2 + n. Suppose 5*v - 17 = -h, 15 = h + w*v - 2. What is the tens digit of h?
1
Let p = 2283 + -2208. What is the tens digit of p?
7
Let l(i) = 46*i**2 + 9*i - 15. Let a = -449 - -444. What is the thousands digit of l(a)?
1
Let d = 3343 - 2678. What is the units digit of d?
5
Let n(t) = 3*t**2 + 4*t + 9. Let b be 6*-15*5/(-45). Suppose 8 = s + 5*p, 0 = 4*s + 8*p - b*p + 34. What is the tens digit of n(s)?
2
Let h = -3065 - -3596. What is the hundreds digit of h?
5
Suppose -b + 2*h - 532 = -3*b, -4*h - 550 = -2*b. Let p = 102 + b. What is the units digit of p?
1
Let h(t) = t**3 - 41*t**2 - 2*t + 82. Let p be h(41). What is the hundreds digit of p - 0 - (-3080)/(-4 + 12)?
3
Suppose -4*p + 48316 = 2*j - 83104, -5*p = 3*j - 164279. What is the hundreds digit of p?
8
Let l(c) = 316*c - 24. Let m be l(8). Let d = 1223 - m. What is the hundreds digit of (2 + (-14)/3)*d/28?
1
Let z = -10 - -36. Let o be z/5 - 5/25. Suppose -3*g = -5*r - 112, 0*g - o*g = -3*r - 208. What is the tens digit of g?
4
Let j = -22817 - -33643. What is the ten thousands digit of j?
1
Suppose 19*j - 42873 = -2047 + 3349. What is the tens digit of j?
2
Let j = 30478 - -19649. What is the thousands digit of j?
0
Suppose 4*n - 25 = -1. Suppose 2*m = -s + 4, -4*s = -m - 11 - 68. Let j = n + s. What is the tens digit of j?
2
Let x(v) = -4*v**3 - 2*v**2 - 3*v + 2. Let o be x(-4). Let s = o - 7. What is the tens digit of s?
3
What is the hundreds digit of (40/(-30) + 8)*(-20280)/(-25)?
4
Suppose -3*o + 2196 = 3*s - s, 3*s = -4*o + 2928. Suppose 61*u - 58*u - o = 0. Let j = u + -117. What is the units digit of j?
7
Let x be 2/((-21)/(-3) + -6). Let d be (-1*4)/((-7)/217). Suppose -x*r - 234 = -2*y + r, -2*r + d = y. What is the units digit of y?
0
Suppose 0 = 2*c, -4*x + 3*c = 14 + 6. Let j(q) = -q**2 + 17. Let r be j(x). What is the units digit of -1 - ((r - -4) + -3)?
6
Let u = -3 + 6. Let l(k) = 38*k + 25 + 39*k + 2*k**2 + 21*k**2 - 5 - 87*k. What is the units digit of l(u)?
7
Suppose 26*l = 27*l - 30. What is the hundreds digit of 3*(-50)/l - (2 + -271)?
2
Let z = 4984 - 2357. What is the hundreds digit of z?
6
Suppose -4*p - 3*r = -4*r + 2741, -5*r + 3430 = -5*p. Let h = 795 + p. What is the tens digit of h?
1
Let b(d) = 2*d - 40. Let u be b(8). Let f be u/9 - (-10)/15. What is the hundreds digit of ((-7444)/36)/(-1) - f/9?
2
Let v(i) = 91*i**2 - 386*i - 7997. What is the units digit of v(-20)?
3
What is the units digit of 9882 - (1/(-2) - (-132)/(-24))?
8
What is the units digit of 15*7210/(-100)*-2*1?
3
Let f(m) = 9*m**2 - 42*m + 404. What is the units digit of f(9)?
5
Let c(x) = 5*x**2 + 7*x - 591. What is the tens digit of c(-25)?
5
Suppose 0*x - 16746 = -k - 5*x, 0 = 2*x. What is the ten thousands digit of k?
1
Suppose 83*c = 7284 + 36291. What is the units digit of c?
5
Let f = 14220 - 4080. What is the units digit of f?
0
Let j be ((-350)/(-450))/((-2)/132)*(-6)/7. Let q = 14 - 3. Let y = q + j. What is the tens digit of y?
5
Let j be ((-108)/8)/(-9)*4. Suppose -s + 4*t = -95, -s - 400 = -j*s - 5*t. What is the units digit of (s - -6) + -2 + -2?
5
Suppose 4*u - 1176 - 177 = -g, 4*g = -2*u + 680. Let l be -1*(6 - 2)*1. What is the units digit of 2*(l - u/(-4))?
1
Let c(t) = -44083*t**3 - 19*t**2 - 13*t + 6. What is the units digit of c(-1)?
3
Let m = -1404 + 2776. Suppose 432 - m = 5*v. Let w = 292 + v. What is the hundreds digit of w?
1
Let z be ((-7)/(-3) - 2)*18 + -1. Suppose 0 = z*o - f - 27, 3*o - 2*f + 16 = 7*o. Suppose -5*d = -o*b, d = -2*b + 2*d + 4. What is the units digit of b?
4
Suppose -3*i = -4*i + 3. Suppose 2*p - 820 = -i*g, -8*g + 5*g + 816 = 3*p. Suppose -9 = 3*d, -3*m + 2*d + g = d. What is the tens digit of m?
9
Let w be -10*(-19)/4*(-420)/(-175). Suppose 123*p - 6453 = w*p. What is the units digit of p?
7
Let z = 24 + 4821. What is the tens digit of z?
4
Let r be (1 - -4)*24/40. Let f(p) = 91*p**2 - 12*p + 31. What is the hundreds digit of f(r)?
8
Let c be ((-24)/21)/(10/(-35)). Suppose 3*b = c*b + r - 4, 0 = 5*b + r - 24. Suppose -4*g - 3*d = -506, -7*g + 10*g + b*d = 374. What is the tens digit of g?
2
Suppose 5*k - 17615 = -5*d, 6*k - 7048 = -2*d + 5*k. What is the tens digit of d?
2
Let v(r) = 112*r**2 + 192*r - 17. What is the ten thousands digit of v(12)?
1
Suppose -2*o + 3*f + 14824 = 0, -2*o - 5*f + 25293 - 10485 = 0. What is the hundreds digit of o?
4
Let b be -10 + 3 - -4 - (-34)/1. Suppose i + 10 = -4*g, 5*i - b = -2*g + 9. Suppose -5*t = -3*v - 41, 0*t = 2*t + 2*v - i. What is the units digit of t?
7
Let y = 2 - -5. Suppose 4*a + 13 + y = 0. What is the units digit of ((-9)/(-6))/(a/((-10)/3))?
1
Let c(m) = -2*m + 36. Let k(u) = 13. Let f(w) = 6*c(w) - 19*k(w). Let l(d) = d**2 + 9*d + 7. Let q be l(-6). What is the hundreds digit of f(q)?
1
Suppose 17*a + 778050 = 57*a - 21*a. What is the tens digit of a?
5
Suppose -15*r + 7 = -38. Suppose 5*y = -k + 484, r*k + 5*y = -k + 1906. What is the units digit of k?
4
Let r(q) = -263*q - 188. Suppose -2*d - 5*v = -26 + 51, -5*v = -3*d. What is the tens digit of r(d)?
2
Let a be 3 - (28 + -3 + 1). Let d = -31 - a. What is the units digit of d/10 - (-899)/5?
9
Let w be 4/(-10) + 44/10. Suppose -4*s = -3*n + 733 + 1185, w = -s. What is the tens digit of n?
3
Suppose o - 292 = 76. What is the tens digit of 138/o - (-522)/16?
3
Suppose -5*c = -l + 14084, 0 = 3*l + 2*c - 16928 - 25409. What is the hundreds digit of l?
1
Let c(l) = -514*l - 3018. What is the units digit of c(-19)?
8
Let i(g) = 14*g**2 - 90. Let z be i(-13). Suppose 0*f = 3*f - 3*q - 1737, -4*f + z = 4*q. What is the units digit of f?
4
Let x(p) be the first derivative of 3*p**4/8 + p**3/6 + 6*p**2 - 20. Let b(s) be the second derivative of x(s). What is the units digit of b(23)?
8
Let f(b) = -b**3 + 75*b**2 - 138*b - 433. What is the thousands digit of f(70)?
4
Let u = -905 + 4809. Suppose 0 = -5*z + 2*a + u, 5*a + 2346 = 3*z + 2*a. What is the units digit of z?
0
Let r = 170 + -176. What is the units digit of r + 0 + (2 - -41)?
7
Suppose -11*r = 8*f - 9*r - 339902, -42463 = -f - 3*r. What is the units digit of f?
0
Suppose -5*g - 3*v = -3*g - 104529, -4*g + 2*v = -209130. What is the thousands digit of g?
2
Suppose 10*h = 11*h + 5. Let a be 137/(h + 48/9). Suppose 2*x - 2 = -0*x, -x = -4*n + a. What is the tens digit of n?
0
Let j be (-64 - -2) + 3 + -2. Let u = j - -66. Suppose -u*b = -140 - 325. What is the units digit of b?
3
Suppose 5*i - 17*o = -14*o + 18971, o = -2*i + 7573. What is the units digit of i?
0
Let n(k) = -4*k + 81. Let b be n(19). Suppose b*i = 71 + 79. What is the units digit of i?
0
Let n(x) = 6*x**2 + 4*x - 2. Let t be n(1). Suppose 5*f + 61 = 2*q, -5*q = t*f - 3*f - 65. Suppose -y - q*y = -4693. What is the units digit of y?
7
Let u(l) = l**3 + 22*l**2 - 23*l + 19. Let k be u(-23). What is the units digit of (k/(855/(-54)))/(2/(-565))?
9
Let p = -48031 + 82845. What is the units digit of p?
4
Let u(f) = -16*f + 14. Let g be u(4). Let w = 48 + g. What is the hundreds digi